{"id":3256,"date":"2021-07-01T14:50:11","date_gmt":"2021-07-01T14:50:11","guid":{"rendered":"https:\/\/sunrent.net\/?post_type=product&#038;p=3256"},"modified":"2026-02-03T15:37:22","modified_gmt":"2026-02-03T15:37:22","slug":"autocaravana-de-6-places","status":"publish","type":"product","link":"https:\/\/sunrent.net\/?product=autocaravana-de-6-places","title":{"rendered":"Autocaravana de 6 Places"},"content":{"rendered":"<p>AUTOCARAVANA DE 6 PLACES.<\/p>\n<p>FLOTA DE RENOVACI\u00d3 CONSTANT.<\/p>\n<p>Vehicles\u00a0de\u00a0car\u00e0cter\u00a0familiar, ideal per a\u00a0\u00fas\u00a0com a\u00a0<span class=\"hiddenSpellError\">motorhome<\/span>\u00a0en circuits i sortides en fam\u00edlia de fins a 6 membres.<\/p>\n<p>L&#8217;autocaravana es lliurar\u00e0 i es recepcionar\u00e0 en horari laboral, no en dies festius.<\/p>\n<p>La reserva de l&#8217;autocaravana de lloguer sense conductor \u00e9s d&#8217;un m\u00ednim del 30% de l&#8217;import. Aquest import es fa en targeta de cr\u00e8dit o d\u00e8bit, de forma presencial. Condici\u00f3 &#8220;sine qua non&#8221; per a realitzar la reserva de qualsevol autocaravana.<\/p>\n<p>(Tamb\u00e9 es pot fer tot el pagament total en reservar).<\/p>\n<p>Cal presentar c\u00f2pia de DNI i del carnet de conduir, tot en vigor i un tel\u00e8fon de contacte.<\/p>\n<p>La fian\u00e7a en c\u00e0rrega en targeta de cr\u00e8dit \u00e9s de: 1.000 euros. Es realitza abans de recollir l&#8217;autocaravana i finalitzar el pagament de la resta del lloguer.<\/p>\n<p>L&#8217;autocaravana s&#8217;entrega neta i es rep neta.<\/p>\n<p>S&#8217;entrega amb el dip\u00f2sit de gasoil ple i es rep ple.<\/p>\n<p>El dip\u00f2sit d&#8217;aigua neta s&#8217;entrega ple, per\u00f2 no cal tornar-lo\u00a0<span class=\"hiddenGrammarError\">a<\/span>\u00a0omplert.<\/p>\n<p>El dip\u00f2sit d&#8217;aig\u00fces grises es lliura buit i es rep buit.<\/p>\n<p>El dip\u00f2sit d&#8217;aig\u00fces fecals es lliura net i llest per a usar, es rep nom\u00e9s buit i net.<\/p>\n<p>En lloguer a juliol, agost i alta temporada, el m\u00ednim \u00e9s de <span class=\"hiddenGreenError\">7<\/span>\u00a0dies i el quilometratge \u00e9s il\u00b7limitat.<\/p>\n<p>En temporada baixa i mitja, el lloguer m\u00ednim \u00e9s de\u00a0<span class=\"hiddenGreenError\">3<\/span>\u00a0dies.<\/p>\n<p>A temporada baixa i mitja, el quilometratge l\u00edmit per a lloguer de <span class=\"hiddenGreenError\">3<\/span>\u00a0dies, \u00e9s de 1000 km.<\/p>\n<p>A temporada baixa i mitja, el quilometratge l\u00edmit per a lloguer de <span class=\"hiddenGreenError\">4<\/span>\u00a0dies, \u00e9s de 1500 km.<\/p>\n<p>A temporada baixa i mitja, el quilometratge l\u00edmit per al lloguer de 5 o m\u00e9s dies, \u00e9s il\u00b7limitat.<\/p>\n<p>El quilometratge addicional a partir dels km l\u00edmits, \u00e9s de 0,26 euros per quil\u00f2metre.<\/p>\n<p>El conductor ha de disposar de\u00a0<span class=\"hiddenGreenError\">25<\/span>\u00a0anys i m\u00e9s de\u00a0<span class=\"hiddenGreenError\">2<\/span>\u00a0anys de carnet B de conduir en vigor.<\/p>\n<p>No hi ha plats ni coberts ni roba de llit, per\u00f2\u00a0porta 2 bombones de gas prop\u00e0 (o c\u00e0mping\u00a0<span class=\"hiddenSpellError\">gaz<\/span>, segons model) i l\u00edquid qu\u00edmic per al W.C\u00a0<span class=\"hiddenGrammarError\">..<\/span><\/p>\n<p>Pot deixar el vehicle personal a l&#8217;interior de les instal\u00b7lacions durant el transcurs del lloguer.<\/p>\n<p>La revisi\u00f3 del vehicle a posteritat del servei de lloguer, es realitzar\u00e0 en horari comercial d&#8217;ALBA S.A. i posteriorment es tornar\u00e0 la fian\u00e7a de 1000 euros, si el vehicle s&#8217;ha tornat correctament.<\/p>\n","protected":false},"excerpt":{"rendered":"<p>AUTOCARAVANA DE 6 PLACES.<\/p>\n<p>FLOTA DE RENOVACI\u00d3 CONSTANT.<\/p>\n<p>Veh\u00edcles de caracter familiar, ideal per a us com a motorhome en circuits i sortides en fam\u00edlia de fins a 6 membres.<\/p>\n","protected":false},"featured_media":3738,"template":"","meta":[],"product_brand":[],"product_cat":[84],"product_tag":[293,86,251,90,130,129,131,102,118,120,124,122,121,125,545,133,139,138,140,127,132,128,142,143,146,144,145,141,100,252,577,542,574,575,576,543,552,553,383,551,212,211,213,215,216,201,559,207,206,208,220,210,218,561,555,169,556,565,567,569,562,558,564,557,566,568,570,563,560,578,246,244,527,528,530,529,532,534,535,531,536,538,533,159,548,547,465,243,492,572,94,95,580,581,85,579,89,101,544,117,123,119,126,97,98,221,546,258,261,351,259,93,554,260,582,134,137,135,136,573,549,280,550,245,571,96,539,470,541,540,526,525],"class_list":{"0":"post-3256","1":"product","2":"type-product","3":"status-publish","4":"has-post-thumbnail","6":"type-caputxina","7":"steering-left","8":"gearbox-transmissio-manual","9":"auto_park-lalbacaravaning","10":"product_cat-6places","11":"product_tag-adria","12":"product_tag-alquiler","13":"product_tag-alquiler-adria","14":"product_tag-alquiler-autocaravana","15":"product_tag-alquiler-autocaravana-24-horas-barcelona","16":"product_tag-alquiler-autocaravana-24-horas-circuit-catalunya","17":"product_tag-alquiler-autocaravana-24-horas-montjuic","18":"product_tag-alquiler-autocaravana-6-places","19":"product_tag-alquiler-autocaravana-circuito","20":"product_tag-alquiler-autocaravana-circuito-catalunya","21":"product_tag-alquiler-autocaravana-circuito-de-barcelona-cataluna","22":"product_tag-alquiler-autocaravana-circuito-de-barcelona-catalunya","23":"product_tag-alquiler-autocaravana-circuito-de-cataluna","24":"product_tag-alquiler-autocaravana-circuito-de-montmelo","25":"product_tag-alquiler-autocaravana-deportiva","26":"product_tag-alquiler-autocaravana-festival-motor-circuit-catalunya","27":"product_tag-alquiler-autocaravana-fia","28":"product_tag-alquiler-autocaravana-fim","29":"product_tag-alquiler-autocaravana-foca","30":"product_tag-alquiler-autocaravana-gt-series","31":"product_tag-alquiler-autocaravana-gt-series-barcelona","32":"product_tag-alquiler-autocaravana-gt-series-circuit-catalunya","33":"product_tag-alquiler-autocaravana-hospitality","34":"product_tag-alquiler-autocaravana-hospitality-circuit","35":"product_tag-alquiler-autocaravana-hospitality-circuit-de-catalunya","36":"product_tag-alquiler-autocaravana-hospitality-circuito","37":"product_tag-alquiler-autocaravana-hospitality-motorhome","38":"product_tag-alquiler-autocaravana-motorhome","39":"product_tag-alquiler-autocaravana-premium","40":"product_tag-alquiler-carthago","41":"product_tag-alquiler-challenger","42":"product_tag-alquiler-furgoneta","43":"product_tag-alquiler-giottiline","44":"product_tag-alquiler-giottivan","45":"product_tag-alquiler-roller-team","46":"product_tag-alquiler-vehiculo-industrial","47":"product_tag-autocaavana-de-flota-de-alquiler","48":"product_tag-autocaravana-de-lloguer","49":"product_tag-autocaravana-disponible","50":"product_tag-autocaravana-para-alquiler","51":"product_tag-autocaravanas-barcelona","52":"product_tag-autocaravanas-cardedeu","53":"product_tag-autocaravanas-catalunya","54":"product_tag-autocaravanas-espana","55":"product_tag-autocaravanas-europa","56":"product_tag-autocaravanas-granollers","57":"product_tag-autocaravanas-la-roca","58":"product_tag-autocaravanes-barcelona","59":"product_tag-autocaravanes-cardedeu","60":"product_tag-autocaravanes-catalunya","61":"product_tag-autocaravanes-espanya","62":"product_tag-autocaravanes-europa","63":"product_tag-autocaravanes-granollers","64":"product_tag-autocaravanes-la-roca","65":"product_tag-caravana-disponible","66":"product_tag-caravanas-barcelona","67":"product_tag-caravanas-cardedeu","68":"product_tag-caravanas-catalunya","69":"product_tag-caravanas-espana","70":"product_tag-caravanas-europa","71":"product_tag-caravanas-granollers","72":"product_tag-caravanas-la-roca","73":"product_tag-caravanes-barcelona","74":"product_tag-caravanes-cardedeu","75":"product_tag-caravanes-catalunya","76":"product_tag-caravanes-espanya","77":"product_tag-caravanes-europa","78":"product_tag-caravanes-granollers","79":"product_tag-caravanes-la-roca","80":"product_tag-caravelair","81":"product_tag-carthago","82":"product_tag-challenger","83":"product_tag-disneyland-en-autocaravana","84":"product_tag-disneyland-en-camper","85":"product_tag-disneyland-en-caravana","86":"product_tag-disneyland-en-furgoneta","87":"product_tag-escalada-en-autocaravana","88":"product_tag-escalada-en-camper","89":"product_tag-escalada-en-camper-van","90":"product_tag-escalada-en-caravana","91":"product_tag-escalada-en-furgoneta","92":"product_tag-escalada-en-furgoneta-campe","93":"product_tag-escalada-en-motorhome","94":"product_tag-fin-de-semana","95":"product_tag-fin-de-semana-en-autocaravana","96":"product_tag-fin-de-semana-en-caravana","97":"product_tag-finde","98":"product_tag-giottiline","99":"product_tag-giottivan","100":"product_tag-kronos","101":"product_tag-lalba-caravaning","102":"product_tag-lalbacaravaning","103":"product_tag-lloger-giottivan","104":"product_tag-lloger-kronos","105":"product_tag-lloguer","106":"product_tag-lloguer-adria","107":"product_tag-lloguer-autocaravana","108":"product_tag-lloguer-autocaravana-6-places","109":"product_tag-lloguer-autocaravana-cap-de-setmana","110":"product_tag-lloguer-autocaravana-circuit","111":"product_tag-lloguer-autocaravana-circuit-de-barcelona-catalunya","112":"product_tag-lloguer-autocaravana-circuit-de-catalunya","113":"product_tag-lloguer-autocaravana-circuit-de-montmelo","114":"product_tag-lloguer-autocaravana-lalba","115":"product_tag-lloguer-autocaravana-premium","116":"product_tag-lloguer-cap-de-setmana","117":"product_tag-lloguer-caravana-cap-de-setmana","118":"product_tag-lloguer-carthago","119":"product_tag-lloguer-challenger","120":"product_tag-lloguer-finde","121":"product_tag-lloguer-giottiline","122":"product_tag-lloguer-lalba","123":"product_tag-lloguer-per-cap-de-setmana","124":"product_tag-lloguer-roller-team","125":"product_tag-lloguer-siena","126":"product_tag-motorhome-circuit-de-barcelona","127":"product_tag-motorhome-circuit-de-barcelona-catalunya","128":"product_tag-motorhome-circuit-de-catalunya","129":"product_tag-motorhome-circuit-de-montmelo","130":"product_tag-pla","131":"product_tag-plan-para-el-puente","132":"product_tag-plan-para-semana-santa","133":"product_tag-plan-para-vacaciones","134":"product_tag-roller-team","135":"product_tag-siena","136":"product_tag-sun-rent","137":"product_tag-vacaciones","138":"product_tag-vacances","139":"product_tag-vacances-amb-autocaravana","140":"product_tag-vacances-amb-caravana","141":"product_tag-viajar-a-disneyland-en-autocaravana","142":"product_tag-viajar-a-disneyland-paris-en-autocaravana","144":"first","145":"instock","146":"shipping-taxable","147":"purchasable","148":"product-type-ovacrs_car_rental"},"_links":{"self":[{"href":"https:\/\/sunrent.net\/index.php?rest_route=\/wp\/v2\/product\/3256","targetHints":{"allow":["GET"]}}],"collection":[{"href":"https:\/\/sunrent.net\/index.php?rest_route=\/wp\/v2\/product"}],"about":[{"href":"https:\/\/sunrent.net\/index.php?rest_route=\/wp\/v2\/types\/product"}],"wp:featuredmedia":[{"embeddable":true,"href":"https:\/\/sunrent.net\/index.php?rest_route=\/wp\/v2\/media\/3738"}],"wp:attachment":[{"href":"https:\/\/sunrent.net\/index.php?rest_route=%2Fwp%2Fv2%2Fmedia&parent=3256"}],"wp:term":[{"taxonomy":"product_brand","embeddable":true,"href":"https:\/\/sunrent.net\/index.php?rest_route=%2Fwp%2Fv2%2Fproduct_brand&post=3256"},{"taxonomy":"product_cat","embeddable":true,"href":"https:\/\/sunrent.net\/index.php?rest_route=%2Fwp%2Fv2%2Fproduct_cat&post=3256"},{"taxonomy":"product_tag","embeddable":true,"href":"https:\/\/sunrent.net\/index.php?rest_route=%2Fwp%2Fv2%2Fproduct_tag&post=3256"}],"curies":[{"name":"wp","href":"https:\/\/api.w.org\/{rel}","templated":true}]}}

<p>AUTOCARAVANA DE 6 PLACES.</p>
<p>FLOTA DE RENOVACIÓ CONSTANT.</p>
<p>Vehicles de caràcter familiar, ideal per a ús com a <span class="hiddenSpellError">motorhome</span> en circuits i sortides en família de fins a 6 membres.</p>
<p>L&#8217;autocaravana es lliurarà i es recepcionarà en horari laboral, no en dies festius.</p>
<p>La reserva de l&#8217;autocaravana de lloguer sense conductor és d&#8217;un mínim del 30% de l&#8217;import. Aquest import es fa en targeta de crèdit o dèbit, de forma presencial. Condició &#8220;sine qua non&#8221; per a realitzar la reserva de qualsevol autocaravana.</p>
<p>(També es pot fer tot el pagament total en reservar).</p>
<p>Cal presentar còpia de DNI i del carnet de conduir, tot en vigor i un telèfon de contacte.</p>
<p>La fiança en càrrega en targeta de crèdit és de: 1.000 euros. Es realitza abans de recollir l&#8217;autocaravana i finalitzar el pagament de la resta del lloguer.</p>
<p>L&#8217;autocaravana s&#8217;entrega neta i es rep neta.</p>
<p>S&#8217;entrega amb el dipòsit de gasoil ple i es rep ple.</p>
<p>El dipòsit d&#8217;aigua neta s&#8217;entrega ple, però no cal tornar-lo <span class="hiddenGrammarError">a</span> omplert.</p>
<p>El dipòsit d&#8217;aigües grises es lliura buit i es rep buit.</p>
<p>El dipòsit d&#8217;aigües fecals es lliura net i llest per a usar, es rep només buit i net.</p>
<p>En lloguer a juliol, agost i alta temporada, el mínim és de <span class="hiddenGreenError">7</span> dies i el quilometratge és il·limitat.</p>
<p>En temporada baixa i mitja, el lloguer mínim és de <span class="hiddenGreenError">3</span> dies.</p>
<p>A temporada baixa i mitja, el quilometratge límit per a lloguer de <span class="hiddenGreenError">3</span> dies, és de 1000 km.</p>
<p>A temporada baixa i mitja, el quilometratge límit per a lloguer de <span class="hiddenGreenError">4</span> dies, és de 1500 km.</p>
<p>A temporada baixa i mitja, el quilometratge límit per al lloguer de 5 o més dies, és il·limitat.</p>
<p>El quilometratge addicional a partir dels km límits, és de 0,26 euros per quilòmetre.</p>
<p>El conductor ha de disposar de <span class="hiddenGreenError">25</span> anys i més de <span class="hiddenGreenError">2</span> anys de carnet B de conduir en vigor.</p>
<p>No hi ha plats ni coberts ni roba de llit, però porta 2 bombones de gas propà (o càmping <span class="hiddenSpellError">gaz</span>, segons model) i líquid químic per al W.C <span class="hiddenGrammarError">..</span></p>
<p>Pot deixar el vehicle personal a l&#8217;interior de les instal·lacions durant el transcurs del lloguer.</p>
<p>La revisió del vehicle a posteritat del servei de lloguer, es realitzarà en horari comercial d&#8217;ALBA S.A. i posteriorment es tornarà la fiança de 1000 euros, si el vehicle s&#8217;ha tornat correctament.</p>

<p>AUTOCARAVANA DE 6 PLACES.</p>
<p>FLOTA DE RENOVACIÓ CONSTANT.</p>
<p>Vehícles de caracter familiar, ideal per a us com a motorhome en circuits i sortides en família de fins a 6 membres.</p>
