{"id":3267,"date":"2021-07-09T08:57:09","date_gmt":"2021-07-09T08:57:09","guid":{"rendered":"https:\/\/sunrent.net\/?post_type=product&#038;p=3267"},"modified":"2025-12-15T15:37:26","modified_gmt":"2025-12-15T15:37:26","slug":"camper-de-2-4-places","status":"publish","type":"product","link":"https:\/\/sunrent.net\/?product=camper-de-2-4-places","title":{"rendered":"Camper de 2 &#8211; 4 Places"},"content":{"rendered":"<p>CAMPER DE 2 &#8211; 4 PLACES.<\/p>\n<p>FLOTA DE RENOVACI\u00d3 CONSTANT.<\/p>\n<p>Vehicle de car\u00e0cter ruter, ideal per a parelles. Furgoneta <span class=\"hiddenSpellError\">camperitzada<\/span>\u00a0per\u00a0carrosser\u00a0de primera marca, experimentat en el sector.<\/p>\n<p>L&#8217;autocaravana es lliurar\u00e0 i es recepcionar\u00e0 en horari laboral, no en dies festius.<\/p>\n<p>La reserva de l&#8217;autocaravana de lloguer sense conductor \u00e9s d&#8217;un m\u00ednim del 30% de l&#8217;import. Aquest import es fa en targeta de cr\u00e8dit o d\u00e8bit, de forma presencial. Condici\u00f3 &#8220;sine qua non&#8221; per a realitzar la reserva de qualsevol autocaravana.<\/p>\n<p>(Tamb\u00e9 es pot fer tot el pagament total en reservar).<\/p>\n<p>Cal presentar c\u00f2pia de DNI i del carnet de conduir, tot en vigor i un tel\u00e8fon de contacte.<\/p>\n<p>La fian\u00e7a en c\u00e0rrega en targeta de cr\u00e8dit \u00e9s de: 1.000 euros. Es realitza abans de recollir l&#8217;autocaravana i finalitzar el pagament de la resta del lloguer.<\/p>\n<p>L&#8217;autocaravana s&#8217;entrega neta i es rep neta.<\/p>\n<p>S&#8217;entrega amb el dip\u00f2sit de gasoil ple i es rep ple.<\/p>\n<p>El dip\u00f2sit d&#8217;aigua neta s&#8217;entrega ple, per\u00f2 no cal tornar-lo\u00a0<span class=\"hiddenGrammarError\">a<\/span>\u00a0omplert.<\/p>\n<p>El dip\u00f2sit d&#8217;aig\u00fces grises es lliura buit i es rep buit.<\/p>\n<p>El dip\u00f2sit d&#8217;aig\u00fces fecals es lliura net i llest per a usar, es rep nom\u00e9s buit i net.<\/p>\n<p>En lloguer a juliol, agost i alta temporada, el m\u00ednim \u00e9s de <span class=\"hiddenGreenError\">7<\/span>\u00a0dies i el quilometratge \u00e9s il\u00b7limitat.<\/p>\n<p>A temporada baixa i mitja, el lloguer m\u00ednim \u00e9s de <span class=\"hiddenGreenError\">3<\/span>\u00a0dies.<\/p>\n<p><span class=\"hiddenGreenError\" style=\"padding-bottom: 2px; background-image: url('..\/..\/..\/..\/..\/images\/squiggle_green.png'); background-repeat: repeat-x; background-position: left bottom; cursor: default; color: #000000; font-family: 'Open Sans', Helvetica, Arial, sans-serif; font-size: 16px; font-style: normal; font-variant-ligatures: normal; font-variant-caps: normal; letter-spacing: normal; orphans: 2; text-align: start; text-indent: 0px; text-transform: none; white-space: normal; widows: 2; word-spacing: 0px; -webkit-text-stroke-width: 0px; text-decoration-thickness: initial; text-decoration-style: initial; text-decoration-color: initial;\">A<\/span>\u00a0temporada baixa i mitja, el quilometratge l\u00edmit per a lloguer de\u00a0<span class=\"hiddenGreenError\">3<\/span>\u00a0dies, \u00e9s de 1000 km.<\/p>\n<p><span class=\"hiddenGreenError\" style=\"padding-bottom: 2px; background-image: url('..\/..\/..\/..\/..\/images\/squiggle_green.png'); background-repeat: repeat-x; background-position: left bottom; cursor: default; color: #000000; font-family: 'Open Sans', Helvetica, Arial, sans-serif; font-size: 16px; font-style: normal; font-variant-ligatures: normal; font-variant-caps: normal; letter-spacing: normal; orphans: 2; text-align: start; text-indent: 0px; text-transform: none; white-space: normal; widows: 2; word-spacing: 0px; -webkit-text-stroke-width: 0px; text-decoration-thickness: initial; text-decoration-style: initial; text-decoration-color: initial;\">A<\/span>\u00a0temporada baixa i mitja, el quilometratge l\u00edmit per a lloguer de\u00a0<span class=\"hiddenGreenError\">4<\/span>\u00a0dies, \u00e9s de 1500 km.<\/p>\n<p><span class=\"hiddenGreenError\" style=\"padding-bottom: 2px; background-image: url('..\/..\/..\/..\/..\/images\/squiggle_green.png'); background-repeat: repeat-x; background-position: left bottom; cursor: default; color: #000000; font-family: 'Open Sans', Helvetica, Arial, sans-serif; font-size: 16px; font-style: normal; font-variant-ligatures: normal; font-variant-caps: normal; letter-spacing: normal; orphans: 2; text-align: start; text-indent: 0px; text-transform: none; white-space: normal; widows: 2; word-spacing: 0px; -webkit-text-stroke-width: 0px; text-decoration-thickness: initial; text-decoration-style: initial; text-decoration-color: initial;\">A<\/span>\u00a0temporada baixa i mitja, el quilometratge l\u00edmit per al lloguer de 5 o m\u00e9s dies, \u00e9s il\u00b7limitat.<\/p>\n<p>El quilometratge addicional a partir dels km l\u00edmits, \u00e9s de 0,26 euros per quil\u00f2metre.<\/p>\n<p>El conductor ha de disposar de\u00a0<span class=\"hiddenGreenError\">25<\/span>\u00a0anys i m\u00e9s de\u00a0<span class=\"hiddenGreenError\">2<\/span>\u00a0anys de carnet B de conduir en vigor.<\/p>\n<p>No hi ha plats ni coberts ni roba de llit, per\u00f2\u00a0porta 2 bombones de gas prop\u00e0 (o c\u00e0mping\u00a0<span class=\"hiddenSpellError\">gaz<\/span>, segons model) i l\u00edquid qu\u00edmic per al W.C\u00a0<span class=\"hiddenGrammarError\">..<\/span><\/p>\n<p>Pot deixar el vehicle personal a l&#8217;interior de les instal\u00b7lacions durant el transcurs del lloguer.<\/p>\n<p>La revisi\u00f3 del vehicle a posteritat del servei de lloguer, es realitzar\u00e0 en horari comercial d&#8217;ALBA S.A. i posteriorment es tornar\u00e0 la fian\u00e7a de 1000 euros, si el vehicle s&#8217;ha tornat correctament.<\/p>\n","protected":false},"excerpt":{"rendered":"<p>CAMPER DE 2 &#8211; 4 PLACES.<\/p>\n<p>FLOTA DE RENOVACI\u00d3 CONSTANT.<\/p>\n<p>Veh\u00edcle de caracter ruter, ideal per a parelles. Furgoneta camperitzada per carrocer de primera marca, experimentat en el sector.<\/p>\n","protected":false},"featured_media":3748,"template":"","meta":[],"product_brand":[],"product_cat":[72],"product_tag":[293,490,294,483,484,86,497,87,90,130,129,131,92,118,120,124,122,121,125,133,139,138,140,127,132,128,142,143,146,144,145,141,100,449,314,151,498,500,450,486,451,487,156,448,157,479,478,452,453,458,454,510,509,212,211,214,213,215,216,201,207,206,208,220,210,218,389,480,482,481,107,114,508,514,516,108,505,476,515,503,244,496,494,495,385,527,528,530,529,532,534,535,531,536,538,533,523,517,520,522,518,521,519,513,511,512,171,159,465,172,461,506,464,463,477,462,243,492,111,115,110,116,112,191,94,95,416,491,85,88,89,91,117,123,119,126,445,404,97,98,507,152,499,501,155,447,485,446,93,455,457,134,137,135,136,504,456,459,467,488,466,473,460,292,245,96,502,291,489,472,475,471,474,469,468,470,493,526,525],"class_list":{"0":"post-3267","1":"product","2":"type-product","3":"status-publish","4":"has-post-thumbnail","6":"type-camper","7":"steering-left","8":"gearbox-transmissio-manual","9":"auto_park-lalbacaravaning","10":"product_cat-camper","11":"product_tag-adria","12":"product_tag-adria-campers","13":"product_tag-adria-mobil","14":"product_tag-alquila-autocaravana-feria-del-caravaning","15":"product_tag-alquila-camper-deportiva","16":"product_tag-alquiler","17":"product_tag-alquiler-1-placa","18":"product_tag-alquiler-4-plazas","19":"product_tag-alquiler-autocaravana","20":"product_tag-alquiler-autocaravana-24-horas-barcelona","21":"product_tag-alquiler-autocaravana-24-horas-circuit-catalunya","22":"product_tag-alquiler-autocaravana-24-horas-montjuic","23":"product_tag-alquiler-autocaravana-4-plazas","24":"product_tag-alquiler-autocaravana-circuito","25":"product_tag-alquiler-autocaravana-circuito-catalunya","26":"product_tag-alquiler-autocaravana-circuito-de-barcelona-cataluna","27":"product_tag-alquiler-autocaravana-circuito-de-barcelona-catalunya","28":"product_tag-alquiler-autocaravana-circuito-de-cataluna","29":"product_tag-alquiler-autocaravana-circuito-de-montmelo","30":"product_tag-alquiler-autocaravana-festival-motor-circuit-catalunya","31":"product_tag-alquiler-autocaravana-fia","32":"product_tag-alquiler-autocaravana-fim","33":"product_tag-alquiler-autocaravana-foca","34":"product_tag-alquiler-autocaravana-gt-series","35":"product_tag-alquiler-autocaravana-gt-series-barcelona","36":"product_tag-alquiler-autocaravana-gt-series-circuit-catalunya","37":"product_tag-alquiler-autocaravana-hospitality","38":"product_tag-alquiler-autocaravana-hospitality-circuit","39":"product_tag-alquiler-autocaravana-hospitality-circuit-de-catalunya","40":"product_tag-alquiler-autocaravana-hospitality-circuito","41":"product_tag-alquiler-autocaravana-hospitality-motorhome","42":"product_tag-alquiler-autocaravana-motorhome","43":"product_tag-alquiler-autocaravana-premium","44":"product_tag-alquiler-camper","45":"product_tag-alquiler-camper-1-plazas","46":"product_tag-alquiler-camper-2-plazas","47":"product_tag-alquiler-camper-3-plazas","48":"product_tag-alquiler-camper-4-plazas","49":"product_tag-alquiler-camper-deportiva","50":"product_tag-alquiler-camper-fino","51":"product_tag-alquiler-camper-lujoso","52":"product_tag-alquiler-camper-premium","53":"product_tag-alquiler-de-furgonetas","54":"product_tag-alquiler-de-vehiculos-industriales","55":"product_tag-alquiler-divertido","56":"product_tag-alquiler-furgoneta-deportes-de-aventura","57":"product_tag-alquiler-furgoneta-deportiva","58":"product_tag-alquiler-premium","59":"product_tag-alquiler-premium-autocaravanas","60":"product_tag-alquiler-vehiculo-compacto","61":"product_tag-autacaravan-rent","62":"product_tag-autocaravana-barcelona","63":"product_tag-autocaravana-sant-celoni","64":"product_tag-autocaravanas-barcelona","65":"product_tag-autocaravanas-cardedeu","66":"product_tag-autocaravanas-cataluna","67":"product_tag-autocaravanas-catalunya","68":"product_tag-autocaravanas-espana","69":"product_tag-autocaravanas-europa","70":"product_tag-autocaravanas-granollers","71":"product_tag-autocaravanes-barcelona","72":"product_tag-autocaravanes-cardedeu","73":"product_tag-autocaravanes-catalunya","74":"product_tag-autocaravanes-espanya","75":"product_tag-autocaravanes-europa","76":"product_tag-autocaravanes-granollers","77":"product_tag-autocaravanes-sant-celoni","78":"product_tag-aventrua-de-caravana","79":"product_tag-aventura-en-autocaravana","80":"product_tag-aventura-en-camper","81":"product_tag-camper","82":"product_tag-camper-alquiler","83":"product_tag-camper-automatitzat","84":"product_tag-camper-baix-montseny","85":"product_tag-camper-euro-disney","86":"product_tag-camper-lloguer","87":"product_tag-camper-para-alquiler","88":"product_tag-camper-para-vacaciones","89":"product_tag-camper-per-anar-a-eurodisney","90":"product_tag-caravans-for-rent","91":"product_tag-challenger","92":"product_tag-challenger-4-plazas","93":"product_tag-challenger-van","94":"product_tag-challenger-van-deportiva","95":"product_tag-deportes-de-aventura","96":"product_tag-disneyland-en-autocaravana","97":"product_tag-disneyland-en-camper","98":"product_tag-disneyland-en-caravana","99":"product_tag-disneyland-en-furgoneta","100":"product_tag-escalada-en-autocaravana","101":"product_tag-escalada-en-camper","102":"product_tag-escalada-en-camper-van","103":"product_tag-escalada-en-caravana","104":"product_tag-escalada-en-furgoneta","105":"product_tag-escalada-en-furgoneta-campe","106":"product_tag-escalada-en-motorhome","107":"product_tag-euro-disney-autocaravana","108":"product_tag-euro-disney-en-camper","109":"product_tag-euro-disney-en-caravana","110":"product_tag-eurodisney-en-autocaravana","111":"product_tag-eurodisney-en-camper","112":"product_tag-eurodisney-en-caravana","113":"product_tag-eurodisney-en-furgoneta","114":"product_tag-europa","115":"product_tag-europa-en-caravana","116":"product_tag-europa-en-furgoneta","117":"product_tag-feria-del-caravaning","118":"product_tag-fin-de-semana","119":"product_tag-finde","120":"product_tag-fira-del-caravaning","121":"product_tag-furgonestes-camper","122":"product_tag-furgoneta-para-alquiler","123":"product_tag-furgonetas-camper","124":"product_tag-furgonetas-camper-alquiler","125":"product_tag-furgonetas-para-servicio-de-aluiler","126":"product_tag-furgonetes-camper-lloguer","127":"product_tag-giottiline","128":"product_tag-giottivan","129":"product_tag-gran-volum","130":"product_tag-gran-volum-lloguer","131":"product_tag-gran-volumen","132":"product_tag-gran-volumen-alquiler","133":"product_tag-gran-volumen-lloguer","134":"product_tag-lalba","135":"product_tag-lalba-caravaning","136":"product_tag-lalbacaravaning","137":"product_tag-lalbacaravaning-lloguer","138":"product_tag-livingstone","139":"product_tag-lloguer","140":"product_tag-lloguer-4-places","141":"product_tag-lloguer-autocaravana","142":"product_tag-lloguer-autocaravana-4-places","143":"product_tag-lloguer-autocaravana-circuit","144":"product_tag-lloguer-autocaravana-circuit-de-barcelona-catalunya","145":"product_tag-lloguer-autocaravana-circuit-de-catalunya","146":"product_tag-lloguer-autocaravana-circuit-de-montmelo","147":"product_tag-lloguer-autocaravana-de-lujo","148":"product_tag-lloguer-autocaravana-de-luxe","149":"product_tag-lloguer-autocaravana-lalba","150":"product_tag-lloguer-autocaravana-premium","151":"product_tag-lloguer-automatitzat","152":"product_tag-lloguer-camper-2-places","153":"product_tag-lloguer-camper-3-places","154":"product_tag-lloguer-camper-4-places","155":"product_tag-lloguer-de-furgonetes","156":"product_tag-lloguer-de-vehicles-industrial","157":"product_tag-lloguer-divertit","158":"product_tag-lloguer-hotel-autocaravana","159":"product_tag-lloguer-lalba","160":"product_tag-motorhome","161":"product_tag-motorhome-alquiler-deportivo","162":"product_tag-motorhome-circuit-de-barcelona","163":"product_tag-motorhome-circuit-de-barcelona-catalunya","164":"product_tag-motorhome-circuit-de-catalunya","165":"product_tag-motorhome-circuit-de-montmelo","166":"product_tag-motorhome-for-rent","167":"product_tag-motorhome-lloguer","168":"product_tag-ocio","169":"product_tag-ponts","170":"product_tag-premium-caravans","171":"product_tag-puentes","172":"product_tag-puentes-y-festivos-en-autocaravana","173":"product_tag-rent","174":"product_tag-roller","175":"product_tag-roller-team","176":"product_tag-sun-rent","177":"product_tag-sun-rent-motor-caravans","178":"product_tag-sun-roller","179":"product_tag-sunroller","180":"product_tag-vacaciones-en-autocaravana","181":"product_tag-vacaciones-en-camper","182":"product_tag-vacaciones-en-caravana","183":"product_tag-vacaciones-en-furgoneta","184":"product_tag-vacacions","185":"product_tag-vacaiones","186":"product_tag-vacances","187":"product_tag-van","188":"product_tag-viajar-a-disneyland-en-autocaravana","189":"product_tag-viajar-a-disneyland-paris-en-autocaravana","191":"first","192":"instock","193":"shipping-taxable","194":"purchasable","195":"product-type-ovacrs_car_rental"},"_links":{"self":[{"href":"https:\/\/sunrent.net\/index.php?rest_route=\/wp\/v2\/product\/3267","targetHints":{"allow":["GET"]}}],"collection":[{"href":"https:\/\/sunrent.net\/index.php?rest_route=\/wp\/v2\/product"}],"about":[{"href":"https:\/\/sunrent.net\/index.php?rest_route=\/wp\/v2\/types\/product"}],"wp:featuredmedia":[{"embeddable":true,"href":"https:\/\/sunrent.net\/index.php?rest_route=\/wp\/v2\/media\/3748"}],"wp:attachment":[{"href":"https:\/\/sunrent.net\/index.php?rest_route=%2Fwp%2Fv2%2Fmedia&parent=3267"}],"wp:term":[{"taxonomy":"product_brand","embeddable":true,"href":"https:\/\/sunrent.net\/index.php?rest_route=%2Fwp%2Fv2%2Fproduct_brand&post=3267"},{"taxonomy":"product_cat","embeddable":true,"href":"https:\/\/sunrent.net\/index.php?rest_route=%2Fwp%2Fv2%2Fproduct_cat&post=3267"},{"taxonomy":"product_tag","embeddable":true,"href":"https:\/\/sunrent.net\/index.php?rest_route=%2Fwp%2Fv2%2Fproduct_tag&post=3267"}],"curies":[{"name":"wp","href":"https:\/\/api.w.org\/{rel}","templated":true}]}}