{"id":3451,"date":"2022-07-05T14:12:45","date_gmt":"2022-07-05T14:12:45","guid":{"rendered":"https:\/\/sunrent.net\/?post_type=product&#038;p=3451"},"modified":"2025-12-15T15:31:55","modified_gmt":"2025-12-15T15:31:55","slug":"camper-de-2-places","status":"publish","type":"product","link":"https:\/\/sunrent.net\/?product=camper-de-2-places","title":{"rendered":"Camper de 2 Places"},"content":{"rendered":"<p>CAMPER DE 2 PLACES.<\/p>\n<p>FLOTA DE RENOVACI\u00d3 CONSTANT.<\/p>\n<p>Vehicle de car\u00e0cter ruter, ideal per a parelles. Furgoneta <span class=\"hiddenSpellError\">camperitzada<\/span>\u00a0per\u00a0carrosser\u00a0de primera marca, experimentat en el sector.<\/p>\n<p>L&#8217;autocaravana es lliurar\u00e0 i es recepcionar\u00e0 en horari laboral, no en dies festius.<\/p>\n<p>La reserva de l&#8217;autocaravana de lloguer sense conductor \u00e9s d&#8217;un m\u00ednim del 30% de l&#8217;import. Aquest import es fa en targeta de cr\u00e8dit o d\u00e8bit, de forma presencial. Condici\u00f3 &#8220;sine qua non&#8221; per a realitzar la reserva de qualsevol autocaravana.<\/p>\n<p>(Tamb\u00e9 es pot fer tot el pagament total en reservar).<\/p>\n<p>Cal presentar c\u00f2pia de DNI i del carnet de conduir, tot en vigor i un tel\u00e8fon de contacte.<\/p>\n<p>La fian\u00e7a en c\u00e0rrega en targeta de cr\u00e8dit \u00e9s de: 1.000 euros. Es realitza abans de recollir l&#8217;autocaravana i finalitzar el pagament de la resta del lloguer.<\/p>\n<p>L&#8217;autocaravana s&#8217;entrega neta i es rep neta.<\/p>\n<p>S&#8217;entrega amb el dip\u00f2sit de gasoil ple i es rep ple.<\/p>\n<p>El dip\u00f2sit d&#8217;aigua neta s&#8217;entrega ple, per\u00f2 no cal tornar-lo\u00a0<span class=\"hiddenGrammarError\">a<\/span>\u00a0omplert.<\/p>\n<p>El dip\u00f2sit d&#8217;aig\u00fces grises es lliura buit i es rep buit.<\/p>\n<p>El dip\u00f2sit d&#8217;aig\u00fces fecals es lliura net i llest per a usar, es rep nom\u00e9s buit i net.<\/p>\n<p>En lloguer a juliol, agost i alta temporada, el m\u00ednim \u00e9s de <span class=\"hiddenGreenError\">7<\/span>\u00a0dies i el quilometratge \u00e9s il\u00b7limitat.<\/p>\n<p>A temporada baixa i mitja, el lloguer m\u00ednim \u00e9s de <span class=\"hiddenGreenError\">3<\/span>\u00a0dies.<\/p>\n<p><span class=\"hiddenGreenError\" style=\"padding-bottom: 2px; background-image: url('..\/..\/..\/..\/..\/images\/squiggle_green.png'); background-repeat: repeat-x; background-position: left bottom; cursor: default; color: #000000; font-family: 'Open Sans', Helvetica, Arial, sans-serif; font-size: 16px; font-style: normal; font-variant-ligatures: normal; font-variant-caps: normal; letter-spacing: normal; orphans: 2; text-align: start; text-indent: 0px; text-transform: none; white-space: normal; widows: 2; word-spacing: 0px; -webkit-text-stroke-width: 0px; text-decoration-thickness: initial; text-decoration-style: initial; text-decoration-color: initial;\">A<\/span>\u00a0temporada baixa i mitja, el quilometratge l\u00edmit per a lloguer de\u00a0<span class=\"hiddenGreenError\">3<\/span>\u00a0dies, \u00e9s de 1000 km.<\/p>\n<p><span class=\"hiddenGreenError\" style=\"padding-bottom: 2px; background-image: url('..\/..\/..\/..\/..\/images\/squiggle_green.png'); background-repeat: repeat-x; background-position: left bottom; cursor: default; color: #000000; font-family: 'Open Sans', Helvetica, Arial, sans-serif; font-size: 16px; font-style: normal; font-variant-ligatures: normal; font-variant-caps: normal; letter-spacing: normal; orphans: 2; text-align: start; text-indent: 0px; text-transform: none; white-space: normal; widows: 2; word-spacing: 0px; -webkit-text-stroke-width: 0px; text-decoration-thickness: initial; text-decoration-style: initial; text-decoration-color: initial;\">A<\/span>\u00a0temporada baixa i mitja, el quilometratge l\u00edmit per a lloguer de\u00a0<span class=\"hiddenGreenError\">4<\/span>\u00a0dies, \u00e9s de 1500 km.<\/p>\n<p><span class=\"hiddenGreenError\" style=\"padding-bottom: 2px; background-image: url('..\/..\/..\/..\/..\/images\/squiggle_green.png'); background-repeat: repeat-x; background-position: left bottom; cursor: default; color: #000000; font-family: 'Open Sans', Helvetica, Arial, sans-serif; font-size: 16px; font-style: normal; font-variant-ligatures: normal; font-variant-caps: normal; letter-spacing: normal; orphans: 2; text-align: start; text-indent: 0px; text-transform: none; white-space: normal; widows: 2; word-spacing: 0px; -webkit-text-stroke-width: 0px; text-decoration-thickness: initial; text-decoration-style: initial; text-decoration-color: initial;\">A<\/span>\u00a0temporada baixa i mitja, el quilometratge l\u00edmit per al lloguer de 5 o m\u00e9s dies, \u00e9s il\u00b7limitat.<\/p>\n<p>El quilometratge addicional a partir dels km l\u00edmits, \u00e9s de 0,26 euros per quil\u00f2metre.<\/p>\n<p>El conductor ha de disposar de\u00a0<span class=\"hiddenGreenError\">25<\/span>\u00a0anys i m\u00e9s de\u00a0<span class=\"hiddenGreenError\">2<\/span>\u00a0anys de carnet B de conduir en vigor.<\/p>\n<p>No hi ha plats ni coberts ni roba de llit, per\u00f2\u00a0porta 2 bombones de gas prop\u00e0 (o c\u00e0mping\u00a0<span class=\"hiddenSpellError\">gaz<\/span>, segons model) i l\u00edquid qu\u00edmic per al W.C\u00a0<span class=\"hiddenGrammarError\">..<\/span><\/p>\n<p>Pot deixar el vehicle personal a l&#8217;interior de les instal\u00b7lacions durant el transcurs del lloguer.<\/p>\n<p>La revisi\u00f3 del vehicle a posteritat del servei de lloguer, es realitzar\u00e0 en horari comercial d&#8217;ALBA S.A. i posteriorment es tornar\u00e0 la fian\u00e7a de 1000 euros, si el vehicle s&#8217;ha tornat correctament.<\/p>\n","protected":false},"excerpt":{"rendered":"<p>CAMPER DE 2 &#8211; 4 PLACES.<\/p>\n<p>FLOTA DE RENOVACI\u00d3 CONSTANT.<\/p>\n<p>Veh\u00edcle de caracter ruter, ideal per a parelles. Furgoneta camperitzada per carrocer de primera marca, experimentat en el sector.<\/p>\n","protected":false},"featured_media":4031,"template":"","meta":[],"product_brand":[],"product_cat":[583,72],"product_tag":[293,294,86,147,90,149,130,129,131,311,118,120,124,122,121,125,133,139,138,140,127,132,128,142,143,146,144,145,141,100,314,151,312,309,310,148,315,316,313,107,114,108,246,253,302,244,185,304,527,528,530,529,532,534,535,531,536,538,533,306,303,243,184,301,300,111,115,110,116,112,94,95,85,89,117,123,119,126,318,317,97,98,152,150,93,134,137,135,136,305,292,307,245,186,96,291,308,526,525],"class_list":{"0":"post-3451","1":"product","2":"type-product","3":"status-publish","4":"has-post-thumbnail","6":"type-camper","7":"steering-left","8":"gearbox-transmissio-manual","9":"auto_park-lalbacaravaning","10":"product_cat-2-places","11":"product_cat-camper","12":"product_tag-adria","13":"product_tag-adria-mobil","14":"product_tag-alquiler","15":"product_tag-alquiler-2-plazas","16":"product_tag-alquiler-autocaravana","17":"product_tag-alquiler-autocaravana-2-plazas","18":"product_tag-alquiler-autocaravana-24-horas-barcelona","19":"product_tag-alquiler-autocaravana-24-horas-circuit-catalunya","20":"product_tag-alquiler-autocaravana-24-horas-montjuic","21":"product_tag-alquiler-autocaravana-autocaravana-deportiva","22":"product_tag-alquiler-autocaravana-circuito","23":"product_tag-alquiler-autocaravana-circuito-catalunya","24":"product_tag-alquiler-autocaravana-circuito-de-barcelona-cataluna","25":"product_tag-alquiler-autocaravana-circuito-de-barcelona-catalunya","26":"product_tag-alquiler-autocaravana-circuito-de-cataluna","27":"product_tag-alquiler-autocaravana-circuito-de-montmelo","28":"product_tag-alquiler-autocaravana-festival-motor-circuit-catalunya","29":"product_tag-alquiler-autocaravana-fia","30":"product_tag-alquiler-autocaravana-fim","31":"product_tag-alquiler-autocaravana-foca","32":"product_tag-alquiler-autocaravana-gt-series","33":"product_tag-alquiler-autocaravana-gt-series-barcelona","34":"product_tag-alquiler-autocaravana-gt-series-circuit-catalunya","35":"product_tag-alquiler-autocaravana-hospitality","36":"product_tag-alquiler-autocaravana-hospitality-circuit","37":"product_tag-alquiler-autocaravana-hospitality-circuit-de-catalunya","38":"product_tag-alquiler-autocaravana-hospitality-circuito","39":"product_tag-alquiler-autocaravana-hospitality-motorhome","40":"product_tag-alquiler-autocaravana-motorhome","41":"product_tag-alquiler-autocaravana-premium","42":"product_tag-alquiler-camper-1-plazas","43":"product_tag-alquiler-camper-2-plazas","44":"product_tag-alquiler-camper-una-persona","45":"product_tag-alquiler-de-autocaravanas-economicas","46":"product_tag-alquiler-economico","47":"product_tag-alquiler-furgoneta-2-plazas","48":"product_tag-alquiler-premium-autocaravana","49":"product_tag-alquiler-premium-camper","50":"product_tag-alquilercamper-1-persona","51":"product_tag-camper","52":"product_tag-camper-alquiler","53":"product_tag-camper-lloguer","54":"product_tag-carthago","55":"product_tag-carthago-alquiler","56":"product_tag-carthago-deportiva","57":"product_tag-challenger","58":"product_tag-challenger-alquiler","59":"product_tag-citroen-alquiler","60":"product_tag-disneyland-en-autocaravana","61":"product_tag-disneyland-en-camper","62":"product_tag-disneyland-en-caravana","63":"product_tag-disneyland-en-furgoneta","64":"product_tag-escalada-en-autocaravana","65":"product_tag-escalada-en-camper","66":"product_tag-escalada-en-camper-van","67":"product_tag-escalada-en-caravana","68":"product_tag-escalada-en-furgoneta","69":"product_tag-escalada-en-furgoneta-campe","70":"product_tag-escalada-en-motorhome","71":"product_tag-fiat-alquiler","72":"product_tag-ford-alquiler","73":"product_tag-giottiline","74":"product_tag-giottiline-alquiler","75":"product_tag-giottiline-deportiva","76":"product_tag-giottiline-sport","77":"product_tag-gran-volum","78":"product_tag-gran-volum-lloguer","79":"product_tag-gran-volumen","80":"product_tag-gran-volumen-alquiler","81":"product_tag-gran-volumen-lloguer","82":"product_tag-lalba-caravaning","83":"product_tag-lalbacaravaning","84":"product_tag-lloguer","85":"product_tag-lloguer-autocaravana","86":"product_tag-lloguer-autocaravana-circuit","87":"product_tag-lloguer-autocaravana-circuit-de-barcelona-catalunya","88":"product_tag-lloguer-autocaravana-circuit-de-catalunya","89":"product_tag-lloguer-autocaravana-circuit-de-montmelo","90":"product_tag-lloguer-autocaravana-deportiva","91":"product_tag-lloguer-autocaravana-esportiu","92":"product_tag-lloguer-autocaravana-lalba","93":"product_tag-lloguer-autocaravana-premium","94":"product_tag-lloguer-camper-2-places","95":"product_tag-lloguer-gurgo-2-places","96":"product_tag-lloguer-lalba","97":"product_tag-motorhome-circuit-de-barcelona","98":"product_tag-motorhome-circuit-de-barcelona-catalunya","99":"product_tag-motorhome-circuit-de-catalunya","100":"product_tag-motorhome-circuit-de-montmelo","101":"product_tag-peugeot-alquiler","102":"product_tag-roller","103":"product_tag-roller-alquiler","104":"product_tag-roller-team","105":"product_tag-roller-team-alquiler","106":"product_tag-sun-rent","107":"product_tag-sun-roller","108":"product_tag-sun-roller-alquiler","109":"product_tag-viajar-a-disneyland-en-autocaravana","110":"product_tag-viajar-a-disneyland-paris-en-autocaravana","112":"first","113":"instock","114":"shipping-taxable","115":"purchasable","116":"product-type-ovacrs_car_rental"},"_links":{"self":[{"href":"https:\/\/sunrent.net\/index.php?rest_route=\/wp\/v2\/product\/3451","targetHints":{"allow":["GET"]}}],"collection":[{"href":"https:\/\/sunrent.net\/index.php?rest_route=\/wp\/v2\/product"}],"about":[{"href":"https:\/\/sunrent.net\/index.php?rest_route=\/wp\/v2\/types\/product"}],"wp:featuredmedia":[{"embeddable":true,"href":"https:\/\/sunrent.net\/index.php?rest_route=\/wp\/v2\/media\/4031"}],"wp:attachment":[{"href":"https:\/\/sunrent.net\/index.php?rest_route=%2Fwp%2Fv2%2Fmedia&parent=3451"}],"wp:term":[{"taxonomy":"product_brand","embeddable":true,"href":"https:\/\/sunrent.net\/index.php?rest_route=%2Fwp%2Fv2%2Fproduct_brand&post=3451"},{"taxonomy":"product_cat","embeddable":true,"href":"https:\/\/sunrent.net\/index.php?rest_route=%2Fwp%2Fv2%2Fproduct_cat&post=3451"},{"taxonomy":"product_tag","embeddable":true,"href":"https:\/\/sunrent.net\/index.php?rest_route=%2Fwp%2Fv2%2Fproduct_tag&post=3451"}],"curies":[{"name":"wp","href":"https:\/\/api.w.org\/{rel}","templated":true}]}}

<p>CAMPER DE 2 PLACES.</p>
<p>FLOTA DE RENOVACIÓ CONSTANT.</p>
<p>Vehicle de caràcter ruter, ideal per a parelles. Furgoneta <span class="hiddenSpellError">camperitzada</span> per carrosser de primera marca, experimentat en el sector.</p>
<p>L&#8217;autocaravana es lliurarà i es recepcionarà en horari laboral, no en dies festius.</p>
<p>La reserva de l&#8217;autocaravana de lloguer sense conductor és d&#8217;un mínim del 30% de l&#8217;import. Aquest import es fa en targeta de crèdit o dèbit, de forma presencial. Condició &#8220;sine qua non&#8221; per a realitzar la reserva de qualsevol autocaravana.</p>
<p>(També es pot fer tot el pagament total en reservar).</p>
<p>Cal presentar còpia de DNI i del carnet de conduir, tot en vigor i un telèfon de contacte.</p>
<p>La fiança en càrrega en targeta de crèdit és de: 1.000 euros. Es realitza abans de recollir l&#8217;autocaravana i finalitzar el pagament de la resta del lloguer.</p>
<p>L&#8217;autocaravana s&#8217;entrega neta i es rep neta.</p>
<p>S&#8217;entrega amb el dipòsit de gasoil ple i es rep ple.</p>
<p>El dipòsit d&#8217;aigua neta s&#8217;entrega ple, però no cal tornar-lo <span class="hiddenGrammarError">a</span> omplert.</p>
<p>El dipòsit d&#8217;aigües grises es lliura buit i es rep buit.</p>
<p>El dipòsit d&#8217;aigües fecals es lliura net i llest per a usar, es rep només buit i net.</p>
<p>En lloguer a juliol, agost i alta temporada, el mínim és de <span class="hiddenGreenError">7</span> dies i el quilometratge és il·limitat.</p>
<p>A temporada baixa i mitja, el lloguer mínim és de <span class="hiddenGreenError">3</span> dies.</p>
<p><span class="hiddenGreenError" style="padding-bottom: 2px; background-image: url('../../../../../images/squiggle_green.png'); background-repeat: repeat-x; background-position: left bottom; cursor: default; color: #000000; font-family: 'Open Sans', Helvetica, Arial, sans-serif; font-size: 16px; font-style: normal; font-variant-ligatures: normal; font-variant-caps: normal; letter-spacing: normal; orphans: 2; text-align: start; text-indent: 0px; text-transform: none; white-space: normal; widows: 2; word-spacing: 0px; -webkit-text-stroke-width: 0px; text-decoration-thickness: initial; text-decoration-style: initial; text-decoration-color: initial;">A</span> temporada baixa i mitja, el quilometratge límit per a lloguer de <span class="hiddenGreenError">3</span> dies, és de 1000 km.</p>
<p><span class="hiddenGreenError" style="padding-bottom: 2px; background-image: url('../../../../../images/squiggle_green.png'); background-repeat: repeat-x; background-position: left bottom; cursor: default; color: #000000; font-family: 'Open Sans', Helvetica, Arial, sans-serif; font-size: 16px; font-style: normal; font-variant-ligatures: normal; font-variant-caps: normal; letter-spacing: normal; orphans: 2; text-align: start; text-indent: 0px; text-transform: none; white-space: normal; widows: 2; word-spacing: 0px; -webkit-text-stroke-width: 0px; text-decoration-thickness: initial; text-decoration-style: initial; text-decoration-color: initial;">A</span> temporada baixa i mitja, el quilometratge límit per a lloguer de <span class="hiddenGreenError">4</span> dies, és de 1500 km.</p>
<p><span class="hiddenGreenError" style="padding-bottom: 2px; background-image: url('../../../../../images/squiggle_green.png'); background-repeat: repeat-x; background-position: left bottom; cursor: default; color: #000000; font-family: 'Open Sans', Helvetica, Arial, sans-serif; font-size: 16px; font-style: normal; font-variant-ligatures: normal; font-variant-caps: normal; letter-spacing: normal; orphans: 2; text-align: start; text-indent: 0px; text-transform: none; white-space: normal; widows: 2; word-spacing: 0px; -webkit-text-stroke-width: 0px; text-decoration-thickness: initial; text-decoration-style: initial; text-decoration-color: initial;">A</span> temporada baixa i mitja, el quilometratge límit per al lloguer de 5 o més dies, és il·limitat.</p>
<p>El quilometratge addicional a partir dels km límits, és de 0,26 euros per quilòmetre.</p>
<p>El conductor ha de disposar de <span class="hiddenGreenError">25</span> anys i més de <span class="hiddenGreenError">2</span> anys de carnet B de conduir en vigor.</p>
<p>No hi ha plats ni coberts ni roba de llit, però porta 2 bombones de gas propà (o càmping <span class="hiddenSpellError">gaz</span>, segons model) i líquid químic per al W.C <span class="hiddenGrammarError">..</span></p>
<p>Pot deixar el vehicle personal a l&#8217;interior de les instal·lacions durant el transcurs del lloguer.</p>
<p>La revisió del vehicle a posteritat del servei de lloguer, es realitzarà en horari comercial d&#8217;ALBA S.A. i posteriorment es tornarà la fiança de 1000 euros, si el vehicle s&#8217;ha tornat correctament.</p>

<p>CAMPER DE 2 &#8211; 4 PLACES.</p>
<p>FLOTA DE RENOVACIÓ CONSTANT.</p>
<p>Vehícle de caracter ruter, ideal per a parelles. Furgoneta camperitzada per carrocer de primera marca, experimentat en el sector.</p>
