{"id":3794,"date":"2024-11-20T11:15:23","date_gmt":"2024-11-20T11:15:23","guid":{"rendered":"https:\/\/sunrent.net\/?post_type=product&#038;p=3794"},"modified":"2025-12-15T15:30:45","modified_gmt":"2025-12-15T15:30:45","slug":"autocaravana-de-4-places-caputxina","status":"publish","type":"product","link":"https:\/\/sunrent.net\/?product=autocaravana-de-4-places-caputxina","title":{"rendered":"Autocaravana de 4 Places (Caputxina)"},"content":{"rendered":"<p>AUTOCARAVANA DE 4 PLACES.<\/p>\n<p>FLOTA DE RENOVACI\u00d3 CONSTANT.<\/p>\n<p>Vehicles\u00a0de\u00a0car\u00e0cter\u00a0<span class=\"hiddenSpellError\">ruter<\/span>, ideal per a parelles i fam\u00edlies de fins a 4 membres.<\/p>\n<p>L&#8217;autocaravana es lliurar\u00e0 i es recepcionar\u00e0 en horari laboral, no en dies festius.<\/p>\n<p>La reserva de l&#8217;autocaravana de lloguer sense conductor \u00e9s d&#8217;un m\u00ednim del 30% de l&#8217;import. Aquest import es fa en targeta de cr\u00e8dit o d\u00e8bit, de forma presencial. Condici\u00f3 &#8220;sine qua non&#8221; per a realitzar la reserva de qualsevol autocaravana.<\/p>\n<p>(Tamb\u00e9 es pot fer tot el pagament total en reservar).<\/p>\n<p>Cal presentar c\u00f2pia de DNI i del carnet de conduir, tot en vigor i un tel\u00e8fon de contacte.<\/p>\n<p>La fian\u00e7a en c\u00e0rrega en targeta de cr\u00e8dit \u00e9s de: 1.000 euros. Es realitza abans de recollir l&#8217;autocaravana i finalitzar el pagament de la resta del lloguer.<\/p>\n<p>L&#8217;autocaravana s&#8217;entrega neta i es rep neta.<\/p>\n<p>S&#8217;entrega amb el dip\u00f2sit de gasoil ple i es rep ple.<\/p>\n<p>El dip\u00f2sit d&#8217;aigua neta s&#8217;entrega ple, per\u00f2 no cal tornar-lo\u00a0<span class=\"hiddenGrammarError\">a<\/span>\u00a0omplert.<\/p>\n<p>El dip\u00f2sit d&#8217;aig\u00fces grises es lliura buit i es rep buit.<\/p>\n<p>El dip\u00f2sit d&#8217;aig\u00fces fecals es lliura net i llest per a usar, es rep nom\u00e9s buit i net.<\/p>\n<p>En lloguer a juliol, agost i alta temporada, el m\u00ednim \u00e9s de <span class=\"hiddenGreenError\">7<\/span>\u00a0dies i el quilometratge \u00e9s il\u00b7limitat.<\/p>\n<p>En temporada baixa i mitja, el lloguer m\u00ednim \u00e9s de\u00a0<span class=\"hiddenGreenError\">3<\/span>\u00a0dies.<\/p>\n<p>A temporada baixa i mitja, el quilometratge l\u00edmit per a lloguer de\u00a0<span class=\"hiddenGreenError\">3<\/span>\u00a0dies, \u00e9s de 1000 km.<\/p>\n<p>A temporada baixa i mitja, el quilometratge l\u00edmit per a lloguer de\u00a0<span class=\"hiddenGreenError\">4<\/span>\u00a0dies, \u00e9s de 1500 km.<\/p>\n<p>A temporada baixa i mitja, el quilometratge l\u00edmit per al lloguer de 5 o m\u00e9s dies, \u00e9s il\u00b7limitat.<\/p>\n<p>El quilometratge addicional a partir dels km l\u00edmits, \u00e9s de 0,26 euros per quil\u00f2metre.<\/p>\n<p>El conductor ha de disposar de\u00a0<span class=\"hiddenGreenError\">25<\/span>\u00a0anys i m\u00e9s de\u00a0<span class=\"hiddenGreenError\">2<\/span>\u00a0anys de carnet B de conduir en vigor.<\/p>\n<p>No hi ha plats ni coberts ni roba de llit, per\u00f2\u00a0porta 2 bombones de gas prop\u00e0 (o c\u00e0mping\u00a0<span class=\"hiddenSpellError\">gaz<\/span>, segons model) i l\u00edquid qu\u00edmic per al W.C\u00a0<span class=\"hiddenGrammarError\">..<\/span><\/p>\n<p>Pot deixar el vehicle personal a l&#8217;interior de les instal\u00b7lacions durant el transcurs del lloguer.<\/p>\n<p>La revisi\u00f3 del vehicle a posteritat del servei de lloguer, es realitzar\u00e0 en horari comercial d&#8217;ALBA S.A. i posteriorment es tornar\u00e0 la fian\u00e7a de 1000 euros, si el vehicle s&#8217;ha tornat correctament.<\/p>\n","protected":false},"excerpt":{"rendered":"<p>AUTOCARAVANA DE 4 PLACES<\/p>\n<p>FLOTA DE VEH\u00cdCLES, DE RENOVACI\u00d3 CONSTANT.<\/p>\n<p>Veh\u00edcles de caracter ruter, ideal per a parelles i fam\u00edlies de fins a 4 membres.<\/p>\n","protected":false},"featured_media":3745,"template":"","meta":[],"product_brand":[],"product_cat":[73],"product_tag":[293,250,294,86,87,251,99,90,130,129,131,92,118,120,124,122,121,125,133,139,138,140,127,132,128,142,143,146,144,145,141,345,263,337,339,338,298,222,252,266,248,247,249,289,297,288,287,267,290,286,227,217,229,239,212,211,214,213,240,216,242,201,207,206,219,208,209,220,210,241,218,228,322,325,323,324,327,326,335,331,333,334,328,330,329,332,336,264,265,246,253,257,244,185,256,527,528,530,529,532,534,535,531,536,538,533,233,224,232,230,231,254,243,184,94,95,85,88,89,91,344,117,123,119,126,97,98,343,262,269,340,299,346,221,258,261,259,93,319,296,268,295,260,342,341,134,137,135,136,321,320,283,278,282,279,280,285,284,281,236,270,235,234,271,237,238,195,223,194,347,275,273,272,277,276,274,292,245,186,255,96,291,226,225,526,525],"class_list":{"0":"post-3794","1":"product","2":"type-product","3":"status-publish","4":"has-post-thumbnail","6":"type-caputxina","7":"steering-left","8":"gearbox-transmissio-manual","9":"auto_park-lalbacaravaning","10":"product_cat-4places","11":"product_tag-adria","12":"product_tag-adria-alquiler","13":"product_tag-adria-mobil","14":"product_tag-alquiler","15":"product_tag-alquiler-4-plazas","16":"product_tag-alquiler-adria","17":"product_tag-alquiler-autocaravaba-premium","18":"product_tag-alquiler-autocaravana","19":"product_tag-alquiler-autocaravana-24-horas-barcelona","20":"product_tag-alquiler-autocaravana-24-horas-circuit-catalunya","21":"product_tag-alquiler-autocaravana-24-horas-montjuic","22":"product_tag-alquiler-autocaravana-4-plazas","23":"product_tag-alquiler-autocaravana-circuito","24":"product_tag-alquiler-autocaravana-circuito-catalunya","25":"product_tag-alquiler-autocaravana-circuito-de-barcelona-cataluna","26":"product_tag-alquiler-autocaravana-circuito-de-barcelona-catalunya","27":"product_tag-alquiler-autocaravana-circuito-de-cataluna","28":"product_tag-alquiler-autocaravana-circuito-de-montmelo","29":"product_tag-alquiler-autocaravana-festival-motor-circuit-catalunya","30":"product_tag-alquiler-autocaravana-fia","31":"product_tag-alquiler-autocaravana-fim","32":"product_tag-alquiler-autocaravana-foca","33":"product_tag-alquiler-autocaravana-gt-series","34":"product_tag-alquiler-autocaravana-gt-series-barcelona","35":"product_tag-alquiler-autocaravana-gt-series-circuit-catalunya","36":"product_tag-alquiler-autocaravana-hospitality","37":"product_tag-alquiler-autocaravana-hospitality-circuit","38":"product_tag-alquiler-autocaravana-hospitality-circuit-de-catalunya","39":"product_tag-alquiler-autocaravana-hospitality-circuito","40":"product_tag-alquiler-autocaravana-hospitality-motorhome","41":"product_tag-alquiler-autocaravana-motorhome","42":"product_tag-alquiler-autocaravana-sant-celoni","43":"product_tag-alquiler-autocaravanas-fin-de-semana","44":"product_tag-alquiler-automatizado","45":"product_tag-alquiler-baix-montseny","46":"product_tag-alquiler-calles-oriental","47":"product_tag-alquiler-camarote","48":"product_tag-alquiler-cap-de-setmana","49":"product_tag-alquiler-carthago","50":"product_tag-alquiler-de-caravanas-fin-de-semana","51":"product_tag-alquiler-de-challenger","52":"product_tag-alquiler-de-giottiline","53":"product_tag-alquiler-de-roller-team","54":"product_tag-alquiler-para-agosto","55":"product_tag-alquiler-para-artistas","56":"product_tag-alquiler-para-julio","57":"product_tag-alquiler-para-junio","58":"product_tag-alquiler-para-semana-santa","59":"product_tag-alquiler-para-setiembre","60":"product_tag-alquiler-para-verano","61":"product_tag-autocaravana-deportiva","62":"product_tag-autocaravana-espana","63":"product_tag-autocaravana-inteligente","64":"product_tag-autocaravanaes-catalanes","65":"product_tag-autocaravanas-barcelona","66":"product_tag-autocaravanas-cardedeu","67":"product_tag-autocaravanas-cataluna","68":"product_tag-autocaravanas-catalunya","69":"product_tag-autocaravanas-espanolas","70":"product_tag-autocaravanas-europa","71":"product_tag-autocaravanas-europeas","72":"product_tag-autocaravanas-granollers","73":"product_tag-autocaravanes-barcelona","74":"product_tag-autocaravanes-cardedeu","75":"product_tag-autocaravanes-cataluna","76":"product_tag-autocaravanes-catalunya","77":"product_tag-autocaravanes-espana","78":"product_tag-autocaravanes-espanya","79":"product_tag-autocaravanes-europa","80":"product_tag-autocaravanes-europees","81":"product_tag-autocaravanes-granollers","82":"product_tag-autoicaravana-disponilbe","83":"product_tag-camper-2-places","84":"product_tag-camper-2-plazas","85":"product_tag-camper-3-places","86":"product_tag-camper-3-plazas","87":"product_tag-camper-4-places","88":"product_tag-camper-4-plazas","89":"product_tag-camper-actual","90":"product_tag-camper-automatizada","91":"product_tag-camper-completa","92":"product_tag-camper-completamente-equipada","93":"product_tag-camper-deportiva","94":"product_tag-camper-divertida","95":"product_tag-camper-economica","96":"product_tag-camper-full-equip","97":"product_tag-camper-moderna","98":"product_tag-caravanas-lloguer-cap-de-setmana","99":"product_tag-caravanes-lloguer-cap-de-setmana","100":"product_tag-carthago","101":"product_tag-carthago-alquiler","102":"product_tag-carthago-lloguer","103":"product_tag-challenger","104":"product_tag-challenger-alquiler","105":"product_tag-challenger-lloguer","106":"product_tag-disneyland-en-autocaravana","107":"product_tag-disneyland-en-camper","108":"product_tag-disneyland-en-caravana","109":"product_tag-disneyland-en-furgoneta","110":"product_tag-escalada-en-autocaravana","111":"product_tag-escalada-en-camper","112":"product_tag-escalada-en-camper-van","113":"product_tag-escalada-en-caravana","114":"product_tag-escalada-en-furgoneta","115":"product_tag-escalada-en-furgoneta-campe","116":"product_tag-escalada-en-motorhome","117":"product_tag-festivos","118":"product_tag-festivos-con-caravana","119":"product_tag-festivos-en-autocaravana","120":"product_tag-fin-de-semana-divertido","121":"product_tag-fin-de-semana-inteligente","122":"product_tag-giottilie-lloguer","123":"product_tag-giottiline","124":"product_tag-giottiline-alquiler","125":"product_tag-lalba-caravaning","126":"product_tag-lalbacaravaning","127":"product_tag-lloguer","128":"product_tag-lloguer-4-places","129":"product_tag-lloguer-autocaravana","130":"product_tag-lloguer-autocaravana-4-places","131":"product_tag-lloguer-autocaravana-baix-montseny","132":"product_tag-lloguer-autocaravana-circuit","133":"product_tag-lloguer-autocaravana-circuit-de-barcelona-catalunya","134":"product_tag-lloguer-autocaravana-circuit-de-catalunya","135":"product_tag-lloguer-autocaravana-circuit-de-montmelo","136":"product_tag-lloguer-autocaravana-lalba","137":"product_tag-lloguer-autocaravana-premium","138":"product_tag-lloguer-autocaravana-valles-oriental","139":"product_tag-lloguer-autocaravanes-cap-de-setmana","140":"product_tag-lloguer-autocaravanes-turbo","141":"product_tag-lloguer-baix-montseny","142":"product_tag-lloguer-camarot","143":"product_tag-lloguer-camper-sant-celoni","144":"product_tag-lloguer-cap-de-setmana","145":"product_tag-lloguer-carthago","146":"product_tag-lloguer-challenger","147":"product_tag-lloguer-giottiline","148":"product_tag-lloguer-lalba","149":"product_tag-lloguer-para-fin-de-semana-de-diciembre","150":"product_tag-lloguer-per-a-artistes","151":"product_tag-lloguer-per-setmana-santa","152":"product_tag-lloguer-pera-festivals","153":"product_tag-lloguer-roller-team","154":"product_tag-lloguer-valles","155":"product_tag-lloguer-valles-oriental","156":"product_tag-motorhome-circuit-de-barcelona","157":"product_tag-motorhome-circuit-de-barcelona-catalunya","158":"product_tag-motorhome-circuit-de-catalunya","159":"product_tag-motorhome-circuit-de-montmelo","160":"product_tag-nadal-amb-autocaravana","161":"product_tag-navidades-con-autocaravana","162":"product_tag-plan-para-agosto","163":"product_tag-plan-para-fin-de-semana","164":"product_tag-plan-para-julio","165":"product_tag-plan-para-puente","166":"product_tag-plan-para-semana-santa","167":"product_tag-plan-puente-purisima","168":"product_tag-plana-para-setiembre","169":"product_tag-plana-para-verano","170":"product_tag-plataforma-de-alquiler-autocaravanas","171":"product_tag-plataforma-de-alquiler-de-caravanas","172":"product_tag-plataforma-de-alquiler-de-vehiculos","173":"product_tag-plataforma-de-aqluiler","174":"product_tag-plataforma-de-lloger-caravanes","175":"product_tag-plataforma-de-lloguer-dautocaravanes","176":"product_tag-plataforma-de-lloguer-de-vehicles","177":"product_tag-ponts-i-festius","178":"product_tag-puentes-con-caravana","179":"product_tag-puentes-y-festivos","180":"product_tag-reserva-autocaravana","181":"product_tag-reserva-dautocaravana","182":"product_tag-reserva-de-alquiler","183":"product_tag-reserva-de-lloguer","184":"product_tag-reserva-de-lloguer-autocaravana","185":"product_tag-reserva-inmediata-autocaravana","186":"product_tag-resrva-de-autocaravana","187":"product_tag-roller","188":"product_tag-roller-team","189":"product_tag-roller-team-alquiler","190":"product_tag-roller-team-lloguer","191":"product_tag-sun-rent","192":"product_tag-sun-roller","193":"product_tag-vacaciones-con-autocaravana","194":"product_tag-vacaciones-con-caravana","195":"product_tag-viajar-a-disneyland-en-autocaravana","196":"product_tag-viajar-a-disneyland-paris-en-autocaravana","198":"first","199":"instock","200":"shipping-taxable","201":"purchasable","202":"product-type-ovacrs_car_rental"},"_links":{"self":[{"href":"https:\/\/sunrent.net\/index.php?rest_route=\/wp\/v2\/product\/3794","targetHints":{"allow":["GET"]}}],"collection":[{"href":"https:\/\/sunrent.net\/index.php?rest_route=\/wp\/v2\/product"}],"about":[{"href":"https:\/\/sunrent.net\/index.php?rest_route=\/wp\/v2\/types\/product"}],"wp:featuredmedia":[{"embeddable":true,"href":"https:\/\/sunrent.net\/index.php?rest_route=\/wp\/v2\/media\/3745"}],"wp:attachment":[{"href":"https:\/\/sunrent.net\/index.php?rest_route=%2Fwp%2Fv2%2Fmedia&parent=3794"}],"wp:term":[{"taxonomy":"product_brand","embeddable":true,"href":"https:\/\/sunrent.net\/index.php?rest_route=%2Fwp%2Fv2%2Fproduct_brand&post=3794"},{"taxonomy":"product_cat","embeddable":true,"href":"https:\/\/sunrent.net\/index.php?rest_route=%2Fwp%2Fv2%2Fproduct_cat&post=3794"},{"taxonomy":"product_tag","embeddable":true,"href":"https:\/\/sunrent.net\/index.php?rest_route=%2Fwp%2Fv2%2Fproduct_tag&post=3794"}],"curies":[{"name":"wp","href":"https:\/\/api.w.org\/{rel}","templated":true}]}}

<p>AUTOCARAVANA DE 4 PLACES.</p>
<p>FLOTA DE RENOVACIÓ CONSTANT.</p>
<p>Vehicles de caràcter <span class="hiddenSpellError">ruter</span>, ideal per a parelles i famílies de fins a 4 membres.</p>
<p>L&#8217;autocaravana es lliurarà i es recepcionarà en horari laboral, no en dies festius.</p>
<p>La reserva de l&#8217;autocaravana de lloguer sense conductor és d&#8217;un mínim del 30% de l&#8217;import. Aquest import es fa en targeta de crèdit o dèbit, de forma presencial. Condició &#8220;sine qua non&#8221; per a realitzar la reserva de qualsevol autocaravana.</p>
<p>(També es pot fer tot el pagament total en reservar).</p>
<p>Cal presentar còpia de DNI i del carnet de conduir, tot en vigor i un telèfon de contacte.</p>
<p>La fiança en càrrega en targeta de crèdit és de: 1.000 euros. Es realitza abans de recollir l&#8217;autocaravana i finalitzar el pagament de la resta del lloguer.</p>
<p>L&#8217;autocaravana s&#8217;entrega neta i es rep neta.</p>
<p>S&#8217;entrega amb el dipòsit de gasoil ple i es rep ple.</p>
<p>El dipòsit d&#8217;aigua neta s&#8217;entrega ple, però no cal tornar-lo <span class="hiddenGrammarError">a</span> omplert.</p>
<p>El dipòsit d&#8217;aigües grises es lliura buit i es rep buit.</p>
<p>El dipòsit d&#8217;aigües fecals es lliura net i llest per a usar, es rep només buit i net.</p>
<p>En lloguer a juliol, agost i alta temporada, el mínim és de <span class="hiddenGreenError">7</span> dies i el quilometratge és il·limitat.</p>
<p>En temporada baixa i mitja, el lloguer mínim és de <span class="hiddenGreenError">3</span> dies.</p>
<p>A temporada baixa i mitja, el quilometratge límit per a lloguer de <span class="hiddenGreenError">3</span> dies, és de 1000 km.</p>
<p>A temporada baixa i mitja, el quilometratge límit per a lloguer de <span class="hiddenGreenError">4</span> dies, és de 1500 km.</p>
<p>A temporada baixa i mitja, el quilometratge límit per al lloguer de 5 o més dies, és il·limitat.</p>
<p>El quilometratge addicional a partir dels km límits, és de 0,26 euros per quilòmetre.</p>
<p>El conductor ha de disposar de <span class="hiddenGreenError">25</span> anys i més de <span class="hiddenGreenError">2</span> anys de carnet B de conduir en vigor.</p>
<p>No hi ha plats ni coberts ni roba de llit, però porta 2 bombones de gas propà (o càmping <span class="hiddenSpellError">gaz</span>, segons model) i líquid químic per al W.C <span class="hiddenGrammarError">..</span></p>
<p>Pot deixar el vehicle personal a l&#8217;interior de les instal·lacions durant el transcurs del lloguer.</p>
<p>La revisió del vehicle a posteritat del servei de lloguer, es realitzarà en horari comercial d&#8217;ALBA S.A. i posteriorment es tornarà la fiança de 1000 euros, si el vehicle s&#8217;ha tornat correctament.</p>

<p>AUTOCARAVANA DE 4 PLACES</p>
<p>FLOTA DE VEHÍCLES, DE RENOVACIÓ CONSTANT.</p>
<p>Vehícles de caracter ruter, ideal per a parelles i famílies de fins a 4 membres.</p>
